{"id":1389,"date":"2016-02-26T20:51:40","date_gmt":"2016-02-26T19:51:40","guid":{"rendered":"http:\/\/pasdatest.ionsystems.uk\/?page_id=1389"},"modified":"2021-10-18T10:44:24","modified_gmt":"2021-10-18T10:44:24","slug":"transport-community-garden","status":"publish","type":"page","link":"https:\/\/www.pasda.org.uk\/index.php\/transport-community-garden\/","title":{"rendered":"Transport to Pasda&#8217;s Community Garden"},"content":{"rendered":"<h2>Transport to Pasda&#8217;s Community Garden<\/h2>\n<h3>Bus links<\/h3>\n<p>Click on the bus numbers to see the timetables.<\/p>\n<p><strong>E&amp;M Horsburgh<\/strong><\/p>\n<p><a href=\"http:\/\/www.horsburghcoaches.com\/bus-timetables\/7-st-johns-hospital-sqferry-echline\/\" target=\"_blank\" rel=\"noopener noreferrer\">No.7<\/a><\/p>\n<p>Kirkliston stop &#8211; serves peak time travel only 07:00-09:00 &amp; 18:00.<\/p>\n<p>(South Queensferry, Broxburn, Winchburgh, Uphall, Knightsridge, Craigshill, Livingston)<\/p>\n<p><strong>First buses \u00d4\u00c7\u00f4 22A, 38\/38A<\/strong><\/p>\n<p><a href=\"http:\/\/www.firstgroup.com\/south-east-and-central-scotland\/plan-journey\/timetables\/?operator=25&amp;service=22a&amp;page=1&amp;redirect=no\" target=\"_blank\" rel=\"noopener noreferrer\">22A<\/a> \u00d4\u00c7\u00f4 Hourly service. Kirkliston stop: (South Queensferry, Broxburn, Winchburgh, Craigshill, Harthill, Whitburn)<\/p>\n<p><a href=\"http:\/\/www.firstgroup.com\/south-east-and-central-scotland\/plan-journey\/timetables\/?operator=25&amp;service=38\/38A&amp;page=1&amp;redirect=no\" target=\"_blank\" rel=\"noopener noreferrer\">38\/38A<\/a> &#8211; 15\/30 minute service. Kirkliston stop: (Haymarket, Corstorphine, Winchburgh, Falkirk, Larbert, Bannockburn, Stirling).<\/p>\n<p>From Edinburgh city centre 40 minute trip; from Linlithgow 20 minute trip.<\/p>\n<p><strong>Lothian buses \u00d4\u00c7\u00f4 7 day service<\/strong><\/p>\n<p><a href=\"http:\/\/lothianbuses.com\/timetables-and-maps\/timetables\/63\" target=\"_blank\" rel=\"noopener noreferrer\">63<\/a> \u00d4\u00c7\u00f4 Kirkliston stop every hour. @ 15 minutes Gyle-Kirkliston<\/p>\n<p>(Queensferry, Ratho, Newbridge, Gyle Centre, Sighthill, Hermiston, Riccarton)<\/p>\n<p><strong>Stagecoach- 40A, X51<\/strong><\/p>\n<p>(40A Dalmeny Station pick-up; X51 Kirkliston pick up)<\/p>\n<p><a href=\"https:\/\/www.stagecoachbus.com\/timetable-pdf?ServiceId=XHAO040A.O\" target=\"_blank\" rel=\"noopener noreferrer\">40A<\/a> &#8211; via South Queensferry, Barnton, Blackhall, Craigleith, West End, George Street, Princes Street<\/p>\n<p><a href=\"https:\/\/www.stagecoachbus.com\/timetable-pdf?ServiceId=XHAX051.I\" target=\"_blank\" rel=\"noopener noreferrer\">X51<\/a> &#8211; Hourly service. Livingston, Knightsridge, Newbridge, Queensferry, Rosyth, Dunfermline \u00d4\u00c7\u00f4 Livingston-Kirkliston 30 minutes \/ Dunfermline-Kirkliston 20 minutes<\/p>\n<h3>Train links<\/h3>\n<p><strong>Dalmeny<\/strong><\/p>\n<p>From Edinburgh Waverley and Haymarket Stations every 20 minutes.<\/p>\n<p>15 minute journey from Waverley; 10 minute journey from Haymarket.<\/p>\n<p>5 minute transfer from Dalmeny Station to Craigie&#8217;s Farm by car\/taxi.<\/p>\n<p>Remember:<\/p>\n<ul>\n<li>Young Scot cards can discount fares if shown and ages 11-15 years\/ fulltime volunteer up to age of 26. 1\/3 off bus journeys and 50% off train journeys.<\/li>\n<li>Jobcentre Plus travel discount card<\/li>\n<li>Concessionary (seniors and disabled) \u00d4\u00c7\u00f4 National Entitlement Card, contact your local council.<\/li>\n<\/ul>\n<h3>Pick-up points<\/h3>\n<ul>\n<li>Kirkliston (Scotmid)<\/li>\n<li>Dalmeny Station (South Queensferry)<\/li>\n<\/ul>\n<h3>Walking\/cycle routes<\/h3>\n<p>Click <a href=\"http:\/\/www.craigies.co.uk\/sites\/craigies.co.uk\/files\/craigies_map_-_walk_0.pdf\" target=\"_blank\" rel=\"noopener noreferrer\">HERE<\/a> for a map of walking\/cycle routes to Craigie&#8217;s Farm.<\/p>\n<h3>Car-share<\/h3>\n<p>If possible, contact Cath at <a href=\"mailto:info@pasda.org.uk\">info@pasda.org.uk<\/a> a week in advance to allow arrangements to be made.<\/p>\n<h3>Car<\/h3>\n<p>For Sat Nav enter the postcode: EH30 9TR; or click on link to Craigie&#8217;s below.<\/p>\n<h3>Useful travel and journey planner websites, apps for smart phones &amp; phone numbers&lt;\/h3<\/h3>\n<p><a href=\"http:\/\/www.travelinescotland.com\/welcome.do\" target=\"_blank\" rel=\"noopener noreferrer\">Traveline Scotland<\/a> Tel: (0871) 2002233<\/p>\n<p><a href=\"http:\/\/www.horsburghcoaches.com\/bus-timetables\/\" target=\"_blank\" rel=\"noopener noreferrer\">Horsburgh Coaches timetables<\/a>Tel: (01506) 432251<\/p>\n<p><a href=\"http:\/\/www.firstgroup.com\" target=\"_blank\" rel=\"noopener noreferrer\">First Buses<\/a> Tel: (01324) 602200 or (0141) 4207600<\/p>\n<p><a href=\"http:\/\/www.stagecoachbus.com\/plan-a-journey\" target=\"_blank\" rel=\"noopener noreferrer\">Stagecoach Buses journey planner<\/a> Tel: (01592) 645680<\/p>\n<p><a href=\"http:\/\/www.lothianbuses.com\" target=\"_blank\" rel=\"noopener noreferrer\">Lothian Buses<\/a> Tel: (0131) 554 4494<\/p>\n<p><a href=\"http:\/\/www.craigies.co.uk\/contact-us\/location-map\" target=\"_blank\" rel=\"noopener noreferrer\">Craigie&#8217;s Farm location map<\/a><\/p>\n<p><a href=\"http:\/\/www.youngscot.org\/the-young-scot-card\/\" target=\"_blank\" rel=\"noopener noreferrer\">Young Scot Card<\/a><\/p>\n<p><a href=\"https:\/\/www.gov.uk\/government\/publications\/support-to-help-with-the-cost-of-transport\/support-to-help-with-the-cost-of-transport\" target=\"_blank\" rel=\"noopener noreferrer\">Government policy paper on help with the cost of transport<\/a><\/p>\n","protected":false},"excerpt":{"rendered":"<p>Transport to Pasda&#8217;s Community Garden Bus links Click on the bus numbers to see the timetables. E&amp;M Horsburgh No.7 Kirkliston stop &#8211; serves peak time travel only 07:00-09:00 &amp; 18:00. [&hellip;]<\/p>\n","protected":false},"author":1,"featured_media":0,"parent":0,"menu_order":0,"comment_status":"closed","ping_status":"closed","template":"","meta":{"_bbp_topic_count":0,"_bbp_reply_count":0,"_bbp_total_topic_count":0,"_bbp_total_reply_count":0,"_bbp_voice_count":0,"_bbp_anonymous_reply_count":0,"_bbp_topic_count_hidden":0,"_bbp_reply_count_hidden":0,"_bbp_forum_subforum_count":0,"footnotes":""},"class_list":["post-1389","page","type-page","status-publish","hentry"],"_links":{"self":[{"href":"https:\/\/www.pasda.org.uk\/index.php\/wp-json\/wp\/v2\/pages\/1389","targetHints":{"allow":["GET"]}}],"collection":[{"href":"https:\/\/www.pasda.org.uk\/index.php\/wp-json\/wp\/v2\/pages"}],"about":[{"href":"https:\/\/www.pasda.org.uk\/index.php\/wp-json\/wp\/v2\/types\/page"}],"author":[{"embeddable":true,"href":"https:\/\/www.pasda.org.uk\/index.php\/wp-json\/wp\/v2\/users\/1"}],"replies":[{"embeddable":true,"href":"https:\/\/www.pasda.org.uk\/index.php\/wp-json\/wp\/v2\/comments?post=1389"}],"version-history":[{"count":4,"href":"https:\/\/www.pasda.org.uk\/index.php\/wp-json\/wp\/v2\/pages\/1389\/revisions"}],"predecessor-version":[{"id":7669,"href":"https:\/\/www.pasda.org.uk\/index.php\/wp-json\/wp\/v2\/pages\/1389\/revisions\/7669"}],"wp:attachment":[{"href":"https:\/\/www.pasda.org.uk\/index.php\/wp-json\/wp\/v2\/media?parent=1389"}],"curies":[{"name":"wp","href":"https:\/\/api.w.org\/{rel}","templated":true}]}}